be (-9 + 6)/(2/b). Let r = 76 + a. What are the prime factors of r?
2, 17
Let y(l) be the second derivative of 5*l**3/2 - 17*l**2 + l. What are the prime factors of y(16)?
2, 103
Let j = 27 - 21. Let t(x) = -x**3 + 6*x**2 - x - 2. Let a be t(j). Let m = 49 - a. List the prime factors of m.
3, 19
List the prime factors of (261/15)/((-12)/(-20)).
29
Let f(w) = w**3 + 17*w**2 + 14*w + 18. Let y be f(-16). Suppose 4*z - 5*z + y = 0. What are the prime factors of z?
2, 5
Let h(r) be the second derivative of -11*r**3/3 - 2*r**2 - 15*r. What are the prime factors of h(-4)?
2, 3, 7
Let f = -1412 - -2240. List the prime factors of f.
2, 3, 23
Suppose 0 = 8*u + 11470 - 13214. What are the prime factors of u?
2, 109
What are the prime factors of (-23802)/(-8) + 6/8?
2, 3, 31
Let c = 111 - 111. Let s(h) = -h**3 + h + 174. What are the prime factors of s(c)?
2, 3, 29
Let w = -24 + 14. Let q = w - -15. Suppose 140 = 5*i + 4*v, q*v - 28 = -3. List the prime factors of i.
2, 3
Let x = 22 + 37. Let d = x + -31. Suppose -2*z - 8 - d = -5*o, o - 15 = 3*z. What are the prime factors of o?
2, 3
Let x = -4 + -2. What are the prime factors of ((-30)/25)/(x/40)?
2
Let q be -1*((-28)/(-8))/7*0. Suppose -3*p + 2*p + 75 = -5*h, 2*p - 145 = 5*h. Suppose q = -g + 6*g - p. List the prime factors of g.
2, 7
Suppose 3*h - 506 = -4*m + 126, -5 = -m. Suppose h = 5*w - t - 0*t, -3*w = 4*t - 127. What are the prime factors of w?
41
Let n = -8 - -13. Suppose -n*h + 4 = -6*h, 501 = 5*a - 4*h. List the prime factors of a.
97
Suppose 0*y - y = -4*b - 5038, -2*y + 10089 = 5*b. What are the prime factors of y?
2, 2521
List the prime factors of (-16)/((-144)/(-27))*-405.
3, 5
Let s = -3 + 18. Let x be (12/8)/(s/50). Suppose x*z - h = 45, -3*z + 19 = -2*h + 3*h. What are the prime factors of z?
2
Let u(d) = 9 + 3 + 2*d - 6. Let f be u(-6). Let l(z) = -z**3 - 4*z**2 + 5*z + 2. What are the prime factors of l(f)?
2, 11
Let v = -5044 - -7452. Let l be v/18 - (-4)/18. What are the prime factors of l/6 - 6/18?
2, 11
Let o(u) = -19*u + 132. List the prime factors of o(-14).
2, 199
Let h = 192 - -256. List the prime factors of h.
2, 7
Let s(c) = c**2 + 4*c + 6. Let j be s(-3). Suppose j*y + 60 = 6*y. List the prime factors of y.
2, 5
Suppose -19*r + 41239 - 1814 = 0. What are the prime factors of r?
5, 83
Let r be (-20)/(-50) + 33/5. Let p(b) = 4*b**2 + 14*b + 10. Let s(u) = 3*u**2 + 13*u + 10. Let f(h) = 5*p(h) - 6*s(h). What are the prime factors of f(r)?
2
Let a = -48 - -46. List the prime factors of (114/(-5))/(a - 37/(-20)).
2, 19
Let x(r) = -r**3 + 9*r**2 - 4*r - 9. Let b be x(6). What are the prime factors of (-1 - -2) + (b - 10)?
2, 3, 11
Let u(t) = t**3 + 15*t**2 - 14*t + 4. Let n(f) = f**2. Let o(d) = -6*n(d) + u(d). List the prime factors of o(-10).
2, 11
Let q(a) be the third derivative of 3*a**5/20 + a**4/2 + 7*a**3/3 + 17*a**2. What are the prime factors of q(-4)?
2, 5, 11
Let l be 4*(4 + -3)*14. Suppose 2*p - 196 - l = 0. List the prime factors of p.
2, 3, 7
Suppose 0 = -5*s, -3*x + s - 245 = 73. Let a = 153 + x. Let h = -15 + a. What are the prime factors of h?
2
Suppose -f = l + 46, 5*f = 5*l + 180 + 100. Let s(z) = -2*z**3 + 19*z**2 + 8*z - 13. Let q be s(10). Let c = q - l. List the prime factors of c.
2, 3
Let q(n) = -16*n - 11. Let z(h) = 81*h + 55. Let r(p) = 11*q(p) + 2*z(p). Let s be r(-6). Suppose -2*w - 23 = -s. What are the prime factors of w?
5
Suppose -6375 = 13*s - 2033. Let r = -174 - s. List the prime factors of r.
2, 5
Let d(l) = -3*l - 1. Let f = 6 - 2. Let u(b) = -3*b + 6. Let c be u(f). List the prime factors of d(c).
17
Let x(w) = w**3 - 7*w**2 - w + 10. Let m be x(7). Let v = 15 - 10. Suppose -v*z - 43 = -m*d, 3*d - z - 3*z = 38. What are the prime factors of d?
2, 3
Let c(l) = 21*l**2 - 2*l - 1 + 6*l - 4*l. Let n(b) = b**2 + 6*b + 6. Let s be n(-5). List the prime factors of c(s).
2, 5
Let x(v) = 5*v + 2. Let c(l) = 21*l + 9. Let n(f) = -2*c(f) + 9*x(f). Let r be n(4). Let d(s) = 4*s - 30. List the prime factors of d(r).
2, 3
Let q = 65 + 258. What are the prime factors of q?
17, 19
Let x = 11 + -9. Suppose -2*r - r = -i - 7, -r + x*i = 1. What are the prime factors of r?
3
List the prime factors of (-117)/351*(-1 + 0 - 32).
11
Let p be 0 + 1*(6 + -4). Suppose 3*n + 7 = 5*g, -p*n - 4*g + 7 = -3*n. Suppose 4*m = -3*z + 40, -3*m + n = -2. List the prime factors of z.
2, 3
Let g(h) = h**3 + 14*h**2 + 4*h + 32. Let z be g(-13). Let n = z - -71. List the prime factors of n.
2, 5, 11
Let n(o) = 56*o + 140. What are the prime factors of n(4)?
2, 7, 13
What are the prime factors of ((-4)/(-12) - 1)/(14/(-8841))?
421
Let a = -45 + 60. Suppose -16*q = -a*q - 106. List the prime factors of q.
2, 53
Suppose -17*w - 5616 = -25*w. What are the prime factors of w?
2, 3, 13
Let d = -1819 - -3500. List the prime factors of d.
41
Let k(r) = 14*r**2 + 20*r - 97. What are the prime factors of k(7)?
3
Let i be 2*(2 + 3/(-3)). Suppose 2 = i*w - 2. Suppose -3*x - x = -4*k + 116, 5*x + 73 = w*k. List the prime factors of k.
2, 3
Suppose 3*p = 3*b + 4749, 7*p - 5*p - 3156 = 4*b. What are the prime factors of p?
2, 397
Suppose -25*d + 4385 = 3*j - 30*d, -j = 4*d - 1490. What are the prime factors of j?
2, 3, 5, 7
Let v(q) = 10*q + 22. Suppose 14 = 7*g - 42. List the prime factors of v(g).
2, 3, 17
Let o(y) be the second derivative of -y**5/20 + 5*y**4/12 - y**3/6 + 2*y**2 - 6*y. Let j = 1 - -3. List the prime factors of o(j).
2
Suppose 5*q = -15, -185*q = 3*j - 182*q - 2541. What are the prime factors of j?
2, 5, 17
Let a = 61 - -8. Suppose 0 = l + j - 56, -2*j = l + 10 - a. What are the prime factors of l?
53
Suppose -149 - 219 = 4*o. Let z = o + 160. List the prime factors of z.
2, 17
Suppose -2*c + 716 = 4*d, -6*d + d = 10. List the prime factors of ((-5)/10 + 1)*c.
181
Let o = -182 - -571. Let c = o - 256. List the prime factors of c.
7, 19
Suppose -6*r = -13*r + 1407. List the prime factors of r.
3, 67
Suppose 3*c = -3*m + 24, 6*m - 22 = -4*c + 4*m. Suppose -c*k = -k - 8. Suppose -3*z + 111 = 3*p, k*p + 0*p + 230 = 5*z. List the prime factors of z.
2, 3, 7
Suppose 12 = -5*v + 42. Let y be 3 + 3/v*0. Let q = y - -9. List the prime factors of q.
2, 3
Let y(h) = h + 13. Let q be y(-9). Suppose q*w - 170 = -w. Suppose l + o = w, 0 = -4*l - 0*o - o + 139. What are the prime factors of l?
5, 7
Suppose -4*i - i = 160. Let g = i + 56. What are the prime factors of g?
2, 3
Let s = -145 - 46. Let y = -122 - s. What are the prime factors of y?
3, 23
Let z = 138 + -8. Suppose 0 = -3*y + 128 + z. List the prime factors of y.
2, 43
Let c(n) = -n**3 - 18*n**2 - 16*n + 19. Let f be c(-17). Suppose 2*g + 34 = 4*i, f*g + 0*g = 2*i - 20. List the prime factors of i.
7
Let b = 202 + -74. List the prime factors of b.
2
What are the prime factors of (3/(-6))/((-23)/89470)?
5, 389
Let t(p) = 5*p**3 - p**2 - 3*p**3 - p - p**3. Let u be t(-1). Let y(o) = -5*o**3 - o**2. What are the prime factors of y(u)?
2
Suppose -397 - 711 = -4*v. Let g = 176 - v. Let j = -68 - g. List the prime factors of j.
3, 11
Let n(c) = 2*c**2 + 34*c + 113. What are the prime factors of n(31)?
3089
Let v = 314 - -244. List the prime factors of v.
2, 3, 31
Let n(s) = -s + 21. Let z(q) = -q + 22. Let r(p) = -5*n(p) + 6*z(p). Let k(m) = -m**3 + 41*m**2 - 39*m - 40. Let g be k(40). List the prime factors of r(g).
3
Let h be 2/(-6) - 7/(-3). Suppose 2*y - 2*l = -5*l + 138, h*y + l - 138 = 0. What are the prime factors of y?
3, 23
Let x = 32 - -108. Let y = x - -38. What are the prime factors of y?
2, 89
Let o = -9 + -109. Let y = -78 - o. List the prime factors of y.
2, 5
List the prime factors of (134/(-5))/(11/660*-4).
2, 3, 67
Suppose -2*o = 5*w - 5665, 3*w + 2*w = -5*o + 14155. List the prime factors of o.
2, 5, 283
Let j = 183 + -57. Suppose -j = w - 148. What are the prime factors of w?
2, 11
Suppose 12*m - 30*m = -16578. List the prime factors of m.
3, 307
Let o = -28 - -22. List the prime factors of ((-64)/(-3))/((-2)/o).
2
Let r = -2004 - -4675. What are the prime factors of r?
2671
Let g(b) = 52*b**2 - 7*b - 5. Let m be g(-1). Suppose 46 = 10*x - m. What are the prime factors of x?
2, 5
Let j(f) = -54*f - 10. Let r be j(9). What are the prime factors of 1/3 - 11/(66/r)?
83
Let f(l) = 2*l**2 - 8*l - 45. List the pri